 - c. Let r(y) be the third derivative of y**4/12 + y**3/2 + y**2. Calculate r(v).
-3
Let g(v) = v**3 - 1. Let k(b) = 4*b**3 + 5*b**2 + 7*b - 11. Let i(z) = 5*g(z) - k(z). Suppose 4*c = -5*o + 10, 2*c + 28 = 4*o - o. Determine i(o).
0
Let p be (-104)/(-28) + (-4)/(-14). Let g(v) = 0*v - 2 - v - 2 + 2*v. Determine g(p).
0
Let s = 16 + -15. Let x(q) = -17*q + 1. Determine x(s).
-16
Let c(v) = 4*v + 2. Let z(f) = f + 11. Let l be z(-8). Let s = -5 + l. Calculate c(s).
-6
Let l(d) be the first derivative of 3*d + 1/3*d**3 - 1 + 2*d**2. Determine l(-3).
0
Let m(v) = 3*v + 7. Suppose -4*j = 5 + 19. Calculate m(j).
-11
Let f(n) = 4*n**3 + n**2 + 4*n - 5. Let a(o) = -o**3 - o + 1. Let x(g) = 3*a(g) + f(g). Determine x(0).
-2
Let c(u) = u**2 - 2*u - 3. Let z be ((-8)/(-8))/((-2)/(-6)). Calculate c(z).
0
Let r = 47 + -43. Let s(d) = -d**2 + 2*d - 4. Calculate s(r).
-12
Let g(t) be the first derivative of 2*t**2 + 4*t - 10. What is g(-3)?
-8
Let b(q) = -4 - 1 + 4 - 2 - 2*q. Calculate b(-3).
3
Let y = 3 + 0. Let b(o) = 8*o - y*o + o. Calculate b(-1).
-6
Let x(b) be the second derivative of b**3/6 + b**2/2 - 15*b. Give x(-6).
-5
Let l(y) = -2*y + 5*y - 3 + 2. Suppose 9 = -5*w - 2*s, -5*w + 6*s = s - 5. What is l(w)?
-4
Let u(b) be the second derivative of b**4/4 + b**2/2 + 34*b. Calculate u(-2).
13
Let l(f) = f**3 - 3*f**2 - 3*f - 1. Let v = -24 + 9. Let i = 1 + v. Let h = -10 - i. Calculate l(h).
3
Suppose 0 = 14*l - 15*l + 2. Let k(a) = -6*a + 1. Determine k(l).
-11
Suppose 0 = d + 5*y + 23, -3*d = 4*y + 15 - 1. Let p(q) = 4*q + 3. Let z(g) = -9*g - 7. Let h = -8 + 11. Let u(w) = h*z(w) + 7*p(w). Determine u(d).
2
Let x(f) be the first derivative of 3*f**4/2 - 2*f**3/3 + f + 44. What is x(1)?
5
Let f(p) = p**3 + 5*p**2 + 2*p - 5. Let x be f(-4). Let y(l) = 2*l - 3. What is y(x)?
3
Let h(q) = q**2 + q + 2. Let a be h(2). Suppose -d = -3*d - a. Let o(x) = -x - 4. Calculate o(d).
0
Suppose 45 = -15*u + 150. Let l(h) = h**2 - 7*h - 2. What is l(u)?
-2
Let t(n) = n**2 + 6*n + 4. Let a = 2 + 3. Suppose -12 = -o - 0*q + 4*q, -3 = 4*o + q. Suppose o*f + 20 = -a*f. Calculate t(f).
-4
Let d(b) = b**3 - b**2 + 4*b + 5. Let s(i) = 2*i**3 - i**2 + 8*i + 9. Let g(k) = 5*d(k) - 3*s(k). Let f be g(-2). Let m(c) = -c**2 + 7*c - 5. What is m(f)?
1
Let z(o) = 3*o - 9. Let f be z(4). Let n(j) = -3 + j + j - f*j. Give n(-4).
1
Let h(w) = -2*w - 12. Let y be h(-8). Suppose -y*i = -3*i. Let j(r) = -r**2 - 3. Determine j(i).
-3
Let q(y) = -y**2 + 6*y - 2. Suppose -48 = -5*m + 7. Suppose f = 4*v - m, 4 = f + v - 2*v. Let g = f - 5. What is q(g)?
6
Let p(v) be the third derivative of -v**8/20160 + v**7/2520 + v**6/720 - v**5/20 - v**2. Let i(x) be the third derivative of p(x). Determine i(2).
1
Let d(y) = -1 - 3 - 5*y**2 - 6*y**3 - 2*y + 3 + 5*y**3. Give d(-4).
-9
Let t = -10 - -7. Let s(a) be the second derivative of a**5/20 + a**4/3 + a**3/2 + 3*a. Calculate s(t).
0
Let h(y) = 3*y**3 - y**2 - y. Suppose 2*r + 0 = -2. Determine h(r).
-3
Let d(x) = -x**3 + 6. Let g(n) = n - 3 + 1 + 6. Suppose -6*h = 5*b - 2*h + 12, h = 3*b + 14. Let l be g(b). Determine d(l).
6
Let q(w) be the first derivative of w**2/2 - 7. Give q(6).
6
Let d(x) = -2*x**3 - 2*x**2 - 4*x + 5. Let j(g) = -2*g**3 - g**2 - 3*g + 4. Let r(k) = -3*d(k) + 4*j(k). Determine r(2).
-7
Let r(z) = -13 + 14 + 5*z + z**3 + 3 + 6*z**2. Let l = 2 - 7. What is r(l)?
4
Let m(l) = 0 + 4 + 5*l - l + l**2 + 0*l. Suppose 12 = 5*y - 8. Suppose y*f = 5*f + 3. Calculate m(f).
1
Suppose -3 = -4*u - 7. Let d(n) be the second derivative of -5*n**3/6 - n. Calculate d(u).
5
Let j(t) = -t - 9. Let n(d) = 1. Let l(h) = -j(h) - 4*n(h). Give l(-4).
1
Let q = 12 + -10. Let a(t) = -3*t**2 - q - 7*t**3 + 3*t**2 + 6*t**2 + 3*t + 8*t**3. Give a(-5).
8
Let f(x) = -2*x**2 - x - 1. Let h = -11 + 7. Let c be 22/(-6) - h/(-12). Let n = c - -3. Determine f(n).
-2
Let b(m) be the third derivative of m**4/8 + m**3/6 - m**2. Let r(d) be the second derivative of d**3/6 + 6*d**2 + 8*d. Let s be r(-10). What is b(s)?
7
Let a(p) be the second derivative of 5/6*p**3 - 2*p - 1/24*p**4 + 0 - p**2. Let u(g) be the first derivative of a(g). Determine u(-4).
9
Suppose -5*k + 30 = -11*k. Let j(i) = -i**3 - 9*i**2 - 4*i - 1. Let x(v) = v**3 + 10*v**2 + 4*v + 2. Let q(a) = -4*j(a) - 3*x(a). Give q(k).
3
Let t(o) = -o**2 + 4*o + 6. Let k(z) = -5 - 3*z - z**2 + 7*z**2 - z**3 + 0. Let h be k(5). What is t(h)?
1
Suppose -2*j - a + 6 = 0, 5*a + 25 = 2*j + 7. Let l(i) = -j*i + 7 + i + i + i. Give l(5).
2
Suppose 0 = 5*k - 3*p - 28 + 8, -5*k = p. Let j(v) = 5*v**2 + v**2 - v**2 - 4*v - k - 6*v**2. What is j(-2)?
3
Let x = -5 - -8. Let y(m) = 0*m**2 + 4*m**2 - 5*m**2 - m + 3*m**x - 1. Let w = 2 + -3. What is y(w)?
-4
Let a(j) = -j + j**2 - 3*j**2 + 1 - 4*j**2. Calculate a(1).
-6
Let d(r) be the second derivative of 7/2*r**2 + 0*r**3 - r - 1/12*r**4 + 0. Let u = -1 + 1. Calculate d(u).
7
Let j(m) = -5*m - 5. Let d(q) = q - 1. Let y(k) = -4*d(k) - j(k). Calculate y(-7).
2
Let g(a) = -4*a. Let w be (-1)/(-5) - -19*(-4)/(-20). Calculate g(w).
-16
Suppose 4*m = -3*d - d + 16, -5*m + 5*d = 0. Let v(h) = h**2 - 3*h + 2. What is v(m)?
0
Let y(v) be the first derivative of -5*v + 1 + 1/2*v**2 + 1/3*v**3. What is y(0)?
-5
Let v(p) = 4*p**3 - 7*p**2 - 7. Let k(z) = -5*z**3 + 8*z**2 + z + 8. Let h(c) = -3*k(c) - 4*v(c). Determine h(4).
-8
Suppose 30 = c - 3*a - 3, 0 = -5*c - 4*a + 70. Let j be c/(-8)*(-8)/6. Let v(s) = -4*s + 4 + 0*s**2 + 3*s + s**2. Determine v(j).
10
Suppose -5*o + l = 12, o - 5*o - 3*l - 2 = 0. Let n = 0 + 4. Let r(v) = -v - 3. Let f(z) = -z - 4. Let h(p) = n*r(p) - 3*f(p). What is h(o)?
2
Let x(v) = -2 + 65*v**2 + 69*v**2 - 5*v - 133*v**2. Calculate x(6).
4
Suppose -4*l + 35 = -5*x, -4*x + 0*x - 2 = 2*l. Let h(m) = -m + 4. Give h(x).
7
Let v = -5 - -2. Let y(p) be the second derivative of -p**3/6 - p**2/2 - 22*p. Calculate y(v).
2
Let c = 10 + -8. Let g = 5 - c. Let f(j) = -j**2 - j**3 + 3*j**2 + g*j + 3 - 3. Determine f(3).
0
Let r(g) = g + 11. Let m be r(-10). Suppose -2*a - 3*a = -25. Let n(q) = 2 + a*q + 3 - 4. What is n(m)?
6
Let h(d) = -2*d**3 + 17*d**2 - 10*d - 13. Let q(i) = -3*i**3 + 26*i**2 - 15*i - 20. Let t(u) = 8*h(u) - 5*q(u). Suppose 5*g - 7 = 18. Calculate t(g).
-4
Let l = 13 - 20. Let f = 8 + l. Let z(t) = -2*t. What is z(f)?
-2
Let s(m) = m**2 - m. Let b(t) = 5*t**2 + 7*t - 1. Let x(y) = b(y) + 5*s(y). Calculate x(1).
11
Let p(d) = 4 + 5*d + 6*d - 10*d. Determine p(-4).
0
Suppose -3*p = 3*f + 7 - 1, -5*p = 3*f + 16. Let a(y) be the third derivative of y**6/120 + y**5/10 + 7*y**4/24 + 2*y**3/3 - 7*y**2. Calculate a(p).
-6
Suppose 3*r - 5*i - 36 = 0, 0*r + 1 = r + 2*i. Let s(w) = 0 + 1 + 4 + r*w - 4. Calculate s(1).
8
Let b(c) = -2*c**2 - c. Suppose 15*x - 30*x - 30 = 0. Give b(x).
-6
Suppose 2 + 13 = 3*p. Suppose 3*m - 3 = -3*o, -5 = p*m + 2*o - 4. Let b(v) = -6*v + 1. Calculate b(m).
7
Suppose 2*g = -f + 8, 5*f - 2*g - 22 = -3*g. Let i(b) = 0*b - f + b - 4*b - b. What is i(-3)?
8
Let m(a) be the third derivative of -7*a**6/120 + a**4/24 + 3*a**2. Give m(1).
-6
Let j be 1*3 + 0/3. Let w(b) = 5 - 3 - b - j. Let u be (0 - -1)*(-3 - -4). Determine w(u).
-2
Let l = -8 + 12. Let v(k) be the second derivative of -5/6*k**3 + 1/2*k**2 + 5/12*k**4 + 0 - 1/20*k**5 - 6*k. What is v(l)?
-3
Suppose 3*g - g = -24. Suppose -4*m + 2*s - 4 = -2, 2*m = 3*s + 1. Let k be (-3 - g)*m - -3. Let h(j) = -j - 6. Determine h(k).
0
Let b(v) be the first derivative of v**4/4 - v**3 - 5*v**2/2 + v + 1. Calculate b(4).
-3
Let p(u) be the third derivative of 2/3*u**3 + 2*u**2 + 0 + 0*u + 1/6*u**4. Determine p(-3).
-8
Let u(z) = z**2. Let r(g) = -4*g**2 + 2*g - 4. Let o(h) = r(h) + 3*u(h). Let m = 3 - 0. Determine o(m).
-7
Let u be 3/5 + 189/(-15). Let c = u - -7. Let l(v) = -v**2 - 5*v - 4. What is l(c)?
-4
Let w(i) = -4*i**2 + 3*i - 9. Let h(o) = -5*o**2 + 3*o - 10. Let y(c) = 5*h(c) - 6*w(c). Let t be y(-3). Let f(b) = 1 + 3*b - 4*b - 2. Determine f(t).
-5
Suppose 0 = 2*m - 5*m. Let g(u) = u**3 + u**2 - 7. What is g(m)?
-7
Let x(n) be the first derivative of -1 - 2*n + 5/2*n**2 - 1/6*n**3. Let q(b) be the first derivative of x(b). What is q(3)?
2
Let f(u) = u**3 + u**2 + 2. Let k(r) = r**3 - 9*r**2 - r + 7. Let l be k(9). Let s be f(l). Let p(n) = 5*n + 1. Determine p(s).
-9
Le